he units digit of v(n)?
3
Suppose -2*n + 89 = -5*q, -2*n + 0*q - 4*q + 116 = 0. What is the tens digit of n?
5
Let z(t) = t**2 - 2*t - 2. Let k be z(3). What is the units digit of (-1 + 0)/(k/(-5))?
5
Let c be (6/(-3))/((-1)/2). Let h be 8*-5*(-2)/c. Suppose 3*a + h = 7*a. What is the units digit of a?
5
Let g = 15 + -9. Let n be g/((-9)/(-3) - 2). What is the units digit of (0 + n)*(-2)/(-4)?
3
Let t(k) = k**2 + k - 2. Suppose 4*v = 4*c + 11 - 3, 0 = -2*c - 5*v + 10. Let j be t(c). What is the units digit of 15/(-6)*j*1?
5
Let s = -54 - -87. What is the tens digit of s?
3
Let z(c) be the second derivative of -c**3/6 + c**2 + 2*c. Let w be z(0). What is the units digit of w/(-7) - (-48)/21?
2
Let t(s) = s**2 - 3*s - 14. Let j be t(6). Let y(k) = -3 + 4*k - 1 - 2. What is the tens digit of y(j)?
1
Let o = -1 + 7. Suppose h - o*h + 25 = 0. Let g = 15 - h. What is the tens digit of g?
1
What is the tens digit of (1 - 10/7) + (-10235)/(-35)?
9
Suppose 0*f - 12 = -f. What is the units digit of f?
2
Let n = -12 + 15. Let f be -2 + (-2 - -3) - -43. Suppose f = -h + n*h. What is the tens digit of h?
2
What is the units digit of 6/(-15) - (-28)/20?
1
Suppose -2*t + 4*k - 60 = -4*t, -2*t = -4*k - 68. What is the tens digit of t?
3
Suppose 4*p + 168 = 10*p. What is the units digit of p?
8
Suppose 0 = 5*h + 4*h - 90. What is the units digit of h?
0
Let k be 22/7 - 5/35. Suppose -k*z - 14 = -z. What is the tens digit of 17 + z - 0/2?
1
Let m = 113 + -38. What is the units digit of m?
5
Let t be 2 + -2 + 12/4. Suppose z + 20 = -t*k, -5*z - 21 - 9 = 5*k. Let r = -1 - k. What is the units digit of r?
6
Let t = -17 - -20. Suppose -3*k - f + 19 = -k, 0 = 5*k + t*f - 49. What is the units digit of k?
8
Suppose -6*n + 1554 = -54. What is the units digit of n/20 + (-6)/(-10)?
4
Suppose 1 - 3 = r. Let v be 192/(-18)*9/r. Suppose z = -3*z + v. What is the tens digit of z?
1
Suppose -h = -5*h - 2*q - 38, 2*h - 2*q = -34. Let y = h + 18. What is the units digit of y?
6
Let v = 13 + -10. Suppose 0*h - h + 24 = 0. Suppose 0*c + h = v*c. What is the units digit of c?
8
Let t = -11 + 21. Suppose 0 = -5*m - t, -3*j = -8*j - 3*m + 19. Suppose 0 = -j*k - d - d + 83, 5*k = d + 71. What is the tens digit of k?
1
Suppose -18 = -2*n + 22. What is the tens digit of (48/n)/((-2)/(-15))?
1
Suppose 3*o = -o + 668. What is the units digit of o?
7
Let d be 0 + (5 - (2 - 3)). Let u be 0/(3/(d/(-2))). Suppose q + u*q - 13 = 0. What is the tens digit of q?
1
Suppose 3*z + 0*z = 2*r - 7, 0 = -3*r - 5*z - 37. Let q be (-26)/(-3) + r/6. What is the units digit of q - (2 - 3)/(-1)?
7
Suppose -71 - 169 = -10*f. What is the units digit of f?
4
Suppose -a + 5*c = -43 + 1, -5*a + 2*c = -118. What is the units digit of a?
2
Suppose -3*x + 5 = -7. Suppose -x*v = -16 + 4. Suppose 0 = k - v - 13. What is the units digit of k?
6
Let t = -12 - -11. What is the units digit of (t/(-2))/(2/32)?
8
Let p(w) = -48*w - 1. Let y be p(-1). Suppose h - y = -h - i, -4*h + 2*i = -98. What is the units digit of h?
4
What is the tens digit of 2/9 - (-175)/63 - -230?
3
Let q(m) = 30*m**2 - 3*m - 4. What is the tens digit of q(-1)?
2
Suppose 2*w - 9 = -w. Let q = w + -1. Suppose a - 3*p - q*p = -12, 0 = -a + p. What is the units digit of a?
3
Let i(a) = -a**3 + 7*a**2 + a + 2. What is the tens digit of i(5)?
5
Let p(h) = -h**2 - 4*h - 2. Let c be 0 + ((-2)/2 - 1). Let k be p(c). Suppose -4*u + 32 = -k*d, 3*u - 9 = 4*d + 15. What is the units digit of u?
8
What is the tens digit of 189 + ((-23)/(-5) - (-3)/(-5))?
9
Suppose 8*q - 3009 = -9*q. What is the units digit of q?
7
Let a(b) = -b**3 + 8*b**2 - 6*b + 3. Let r be a(6). Suppose -r = -3*y + 18. What is the units digit of y?
9
Let r be (-3 - (-5 - -2))/2. What is the tens digit of 14*(-3 + 4) - r?
1
Let i = 34 + -17. What is the tens digit of i?
1
Let j(h) = 7*h**3 + 2*h - 1. What is the tens digit of j(2)?
5
Let z = 26 + -9. Let m be (-8)/(-36) - 166/18. Let r = z + m. What is the units digit of r?
8
Suppose -3*w - 16 = w, -4*w - 32 = 4*y. What is the units digit of (-5)/((-10)/y) - -11?
9
Let s = -62 - -345. What is the tens digit of s?
8
Suppose -3*r + 820 = 2*r. What is the tens digit of r?
6
Suppose 0 = -2*l - 0 - 14. Let m = 31 + l. What is the units digit of m?
4
Let t(v) be the second derivative of 0 - 3/2*v**2 - v + 5/6*v**3. What is the units digit of t(2)?
7
Let c(t) = -t**3 - 6*t**2 + 8*t + 5. Let s be c(-7). What is the tens digit of (-5 - s) + 36 + -1?
3
What is the units digit of 48/(-18)*9/(-4)?
6
Let m = 5 + -1. What is the units digit of (-39)/26*m/(-3)?
2
Suppose -5*y = -4*c - 1, c = -3*y + 2 + 2. Suppose -3*s + a = -54, c - 3 = -s - 5*a. What is the units digit of s?
7
Suppose -14 = -4*g - 3*l, 0*g - 3*g - 4*l + 14 = 0. Suppose -g*q - x = -2, -5*q + 2*x - 5*x = -3. What is the units digit of q?
3
Let a be 0/(-2)*(-4 - -5). Suppose -4 + a = 4*m. What is the units digit of (21/(-2))/(m/2)?
1
Let z = 210 - 146. What is the tens digit of z?
6
Let w(s) be the first derivative of -s**3/3 + 4*s**2 - 5*s + 13. Let y(c) = c**3 - c**2 + 1. Let b be y(2). What is the tens digit of w(b)?
1
Let z = 19 + -16. What is the units digit of ((-2)/4)/(z/(-18))?
3
Let t(c) = 2*c**2 + 8*c - 7. What is the tens digit of t(-7)?
3
Suppose t - 5*z = -t + 127, 4*z = 4*t - 224. What is the units digit of t?
1
Let f = 68 - 20. What is the units digit of f?
8
Let s = -176 - -339. What is the tens digit of s?
6
Suppose 29 = 4*y - r, 2*y + 0*y + r - 19 = 0. Suppose 3*s - y = 4, 0 = -z + 3*s + 16. What is the units digit of z?
8
Let k = -5 - -13. Suppose -k = -4*z - g + 11, 0 = g + 1. Suppose -1 + z = w. What is the units digit of w?
4
Suppose -3*z + 8*z = -10, 105 = 3*k + 3*z. What is the tens digit of k?
3
Suppose -4*p = -3*p - 1. Let k(u) = 9*u - 1. What is the units digit of k(p)?
8
Suppose -19 = -3*s + 32. Suppose -s + 8 = n. Let f = 21 + n. What is the tens digit of f?
1
Suppose 8 + 0 = 4*v. Suppose -2 = v*u - 34. What is the units digit of u?
6
Suppose -f + 3*m = -18, m - 1 = -2. Let w = f - 8. What is the units digit of w?
7
Let f(w) = 161*w**2 + w + 1. What is the tens digit of f(-1)?
6
Suppose -12 = t + 2*t. Let d = 11 + t. What is the units digit of d?
7
Let y be (-3)/(4/8 + -2). Suppose y*s - 36 = 24. What is the tens digit of s?
3
Let b(c) = c**3 - 6*c**2 + 5*c. Let x be b(5). Suppose 0 = -5*g - 0*l - 2*l + 3, x = 3*g - 5*l - 8. What is the units digit of g?
1
Suppose -4 = -k - 0*k. Let z(i) = i**3 - 10*i**2 - 6*i + 7. Let q(y) = y**2 + y - 1. Let x(a) = 6*q(a) + z(a). What is the units digit of x(k)?
1
What is the hundreds digit of ((-2)/(2/101))/(3/(-3))?
1
Let j(r) = 23*r + 70. What is the tens digit of j(6)?
0
Let j = 12 - 8. Let u(d) = -d**2 + 5*d - 2. Let s be u(j). What is the units digit of 1 - (-3 + (s - 0))?
2
Let p(x) = x - 3. Let t be p(3). What is the tens digit of 10 - ((-4)/2 + t)?
1
Let h = 11 - 9. Suppose 2*z + 5*r - 178 = -h*z, 10 = 5*r. What is the units digit of z?
2
Let l = -105 + 201. What is the tens digit of l?
9
What is the units digit of -1 + 1 + 24 + 1?
5
Let r = 714 + -454. What is the units digit of r?
0
What is the units digit of ((-1)/2)/((-2)/28)?
7
Suppose -5 = 5*w - 15. Suppose 0*h + 5*g = 4*h - 140, 0 = -w*h - g + 70. What is the tens digit of h?
3
Let v(c) = c**3 - 10*c**2 + 12*c - 12. Let k = 2 - 12. Let a be (-94)/k + (-12)/30. What is the tens digit of v(a)?
1
Let r = -5 + 3. Let p be r*-1*(8 + 1). Let i = p + -9. What is the units digit of i?
9
Let f = 18 + -1. What is the units digit of f?
7
Suppose 0*x = -f - 3*x + 10, -5*x + 26 = 3*f. Let s = -1 - -1. Suppose s = 3*o + f - 37. What is the units digit of o?
0
Let b(x) = -6*x - 9. Let n be b(-9). Suppose -7*j + n = -2*j. What is the units digit of j?
9
Let k(y) = -1 + 4*y**2 + 10*y**2 + 4 - 4. What is the units digit of k(-1)?
3
Let f(h) = 15*h - 9. Suppose -4*g = -9*g + 15. What is the tens digit of f(g)?
3
Let n(a) = -a + 6. Let u be n(4). Suppose x + 6 = -u*w, -w + 3*x = -0*w + 10. Let k = w + 8. What is the units digit of k?
4
Let d(t) = -t + 2 - 3 - t**3 + 0*t**3 - 2*t**2. What is the units digit of d(-2)?
1
Let y = 7 + -1. Suppose -3*n = o - y, -5*n + 4 = -1. What is the tens digit of (o/2)/((-6)/(-56))?
1
Suppose 10*j - 396 = j. What is the units digit of j?
4
Let